
-1005
Let q(k) = k**3 + 58*k**2 + 583*k - 71. Give q(-45).
19
Let t(p) = -13*p**3 - p**2 + 29314*p - 29314. Calculate t(1).
-14
Let b(m) = -6*m**3 + 450*m**2 + 134*m - 10022. What is b(75)?
28
Let w(p) = p**3 - 3*p**2 - 499*p + 3677. What is w(19)?
-28
Let m(g) = g**3 - 193*g**2 - 1814*g + 44. Determine m(-9).
8
Let h(u) = -14*u**2 + 3219*u - 19224. Calculate h(6).
-414
Let o(f) = -14*f**2 - 316*f + 28. Determine o(-20).
748
Let g(r) = 35724*r - 357272. Determine g(10).
-32
Let r(h) = 26182*h - 3220397. What is r(123)?
-11
Let y(p) = -9*p**2 - 184*p + 185. What is y(-24)?
-583
Let o(c) = 2*c**3 - 10*c**2 - 45*c - 1. Determine o(7).
-120
Let c(t) = -22274*t - 38467201. Determine c(-1727).
-3
Let p(u) = -8*u**3 + 5742*u**2 - 5589*u - 152. What is p(1)?
-7
Let h(x) = -x**3 - 75*x**2 + 272*x - 4149. Determine h(-79).
-673
Let v(n) = n**2 - 67*n - 5882. Calculate v(-49).
-198
Let w(k) = 3*k**3 + 214*k**2 + 248*k - 2275. Calculate w(-70).
-35
Let j(q) = 3*q**3 - 134*q**2 - 155*q - 118. Calculate j(46).
1216
Let a(m) = -m**3 - 308*m**2 - 949*m - 292382. Give a(-308).
-90
Let k(g) = -9474*g + 274724. What is k(29)?
-22
Let z(d) = 161519*d + 1615138. Calculate z(-10).
-52
Let b(h) = 126399*h + 252797. Give b(-2).
-1
Let s(m) = -59*m**2 + 9558*m - 15. What is s(162)?
-15
Let o(z) = 2*z**2 - 941*z + 44614. Give o(417).
-5
Let i(q) = -206*q**3 - 1232*q**2 + 17*q - 31. Give i(-6).
11
Let p(c) = 792*c - 46155. Determine p(56).
-1803
Let w(t) = 577*t - 40393. Calculate w(70).
-3
Let g(j) = 24516*j + 245280. Give g(-10).
120
Let q(a) = -4*a**2 - 222*a - 3063. Give q(-18).
-363
Let a(s) = 20*s**2 - 2369*s + 6974. Give a(3).
47
Let b(h) = -463*h + 96439. What is b(206)?
1061
Let j(n) = 6269*n + 24964. What is j(-4)?
-112
Let o(z) = -2*z**2 + 161*z + 1007. Determine o(-6).
-31
Let u(c) = 4*c**2 - 4026*c - 28125. Give u(-7).
253
Let s(u) = 3*u**3 + 328*u - 1003. What is s(3)?
62
Let s(u) = 131189*u - 81993124. What is s(625)?
1
Let r(o) = -23*o**2 - 625*o - 3787. Give r(-6).
-865
Let z(p) = -205*p - 1102. What is z(5)?
-2127
Let y(d) = -29*d**2 - 16*d + 56. Calculate y(2).
-92
Let o(g) = -17*g**3 - 290*g**2 - 4*g + 112. Calculate o(-17).
-109
Let n(w) = 5*w**3 - 576*w**2 + 2360*w - 3153. What is n(111)?
66
Let l(t) = 17727*t + 3563123. Determine l(-201).
-4
Let c(u) = 209*u**3 - u**2 + 306*u - 304. What is c(1)?
210
Let o(x) = x**3 - 10*x**2 - 170*x + 129. What is o(19)?
148
Let x(t) = -t**2 - 240*t - 8782. Determine x(-195).
-7
Let x(v) = -v**2 + 71*v - 498. What is x(17)?
420
Let g(m) = 2*m**3 + 197*m**2 + 1092*m - 69623. What is g(-26)?
5
Let a(p) = -27104*p - 1192585. Determine a(-44).
-9
Let q(a) = a**2 - 6818*a - 6821. Determine q(-1).
-2
Let d(n) = 2635*n - 57949. What is d(22)?
21
Let u(l) = -1776*l + 2513. Give u(1).
737
Let g(i) = i**2 - 7804*i + 46804. Give g(6).
16
Let h(a) = -a**3 + 16*a**2 + 152*a - 2493. Determine h(14).
27
Let d(g) = -100*g**2 + 21*g - 10. Calculate d(-4).
-1694
Let p(d) = -2061*d - 48810. Determine p(-24).
654
Let f(k) = -501*k + 33830. What is f(67)?
263
Let y(t) = 24855*t - 48885. What is y(2)?
825
Let c(w) = -5*w**2 + 550*w + 47. Give c(110).
47
Let m(y) = -4*y**3 - 2*y**2 - 640*y + 3246. Give m(5).
-504
Let q(l) = -792*l**2 + 4745*l + 56. Calculate q(6).
14
Let y(x) = -x**3 - 40*x**2 + 5078*x + 190. What is y(-94)?
2
Let w(j) = -496*j - 20342. Calculate w(-41).
-6
Let d(n) = -21*n**2 + 2167*n + 1801. Calculate d(104).
33
Let b(j) = -105498*j - 2215502. Determine b(-21).
-44
Let d(p) = 309*p + 5684. Give d(-20).
-496
Let f(s) = -3*s**3 + 264*s**2 - 1926*s - 128. Calculate f(80).
-608
Let q(d) = 31*d**3 + 128*d**2 + 60*d + 139. What is q(-4)?
-37
Let o(t) = -2*t**3 - 9*t**2 + 1367*t + 4105. Give o(-3).
-23
Let p(g) = -4209*g + 38263. Calculate p(9).
382
Let u(x) = 25747*x - 4042265. Determine u(157).
14
Let i(l) = -5*l**2 - 922*l - 7031. What is i(-8)?
25
Let j(d) = 3798*d + 19007. What is j(-5)?
17
Let s(w) = 10089*w + 3178020. Give s(-315).
-15
Let z(s) = 1255*s - 14746. Give z(12).
314
Let y(f) = -5432*f + 10848. Determine y(2).
-16
Let b(p) = 158906*p - 1430150. Calculate b(9).
4
Let a(b) = -3289*b**2 - 29606*b - 45. Give a(-9).
0
Let y(i) = -2024*i - 23. Give y(0).
-23
Let n(l) = 5*l**2 - 1487*l - 58141. What is n(-35)?
29
Let r(z) = -204*z - 1137. What is r(-10)?
903
Let n(j) = 2*j**3 - 92*j**2 - 99*j + 221. Calculate n(47).
-14
Let z(x) = -x**3 + 51*x**2 - 581*x - 236. Give z(18).
-2
Let i(r) = -3577978*r - 32201790. Give i(-9).
12
Let n(u) = -2*u**2 - 4508*u - 67097. Give n(-15).
73
Let t(l) = -1892*l - 83532. Give t(-44).
-284
Let d(m) = 885*m + 24774. Give d(-28).
-6
Let p(i) = 6*i**3 - 86*i**2 + 34*i - 681. What is p(14)?
-597
Let d(f) = f**3 - 158*f**2 + 3077*f - 11458. Determine d(136).
102
Let z(o) = -o**3 + 45*o**2 - 473*o - 746. Determine z(24).
-2
Let m(q) = q**2 + 2503*q + 15094. Determine m(-6).
112
Let g(b) = -b**3 - 48*b**2 + 117*b. What is g(2)?
34
Let v(d) = -2*d**3 + 365*d**2 + 4064*d - 2069. Give v(193).
54
Let a(o) = -306*o - 54302. Calculate a(-180).
778
Let y(x) = 6*x**3 - 20*x**2 + 39*x - 165. What is y(4)?
55
Let r(v) = -10473*v - 31419. Determine r(-3).
0
Let n(p) = -p**3 - 19*p**2 + 66*p + 923. What is n(-20)?
3
Let t(j) = 5457*j - 147335. Calculate t(27).
4
Let n(v) = -2*v**3 - 117*v**2 + 2296*v + 25. Calculate n(-74).
-123
Let p(r) = r**2 + 614*r - 150704. Calculate p(188).
72
Let v(a) = -2*a**3 + 52*a**2 - 171*a - 268. Calculate v(22).
-158
Let z(m) = 75966*m + 227893. Calculate z(-3).
-5
Let s(d) = -2*d**3 + 348*d**2 - 319*d - 4664. What is s(173)?
7
Let a(g) = -14*g**3 - 1194*g**2 - 342*g - 167. Calculate a(-85).
3
Let r(o) = 1790*o - 168233. Determine r(94).
27
Let s(t) = 8*t**3 - 125*t**2 - 5*t - 275. Give s(7).
-3691
Let m(x) = -1183*x + 34900. Give m(30).
-590
Let s(z) = -5*z**2 + 1684*z - 13442. Determine s(8).
-290
Let n(i) = 395835*i - 1187504. What is n(3)?
1
Let a(h) = h**3 + h**2 - 883*h + 1470. Give a(-31).
13
Let t(z) = z**2 - 704*z + 30825. What is t(47)?
-54
Let b(g) = 2*g**2 + 720*g - 308450. Calculate b(252).
-2
Let i(h) = 25*h**2 + 1100*h + 11460. Calculate i(-17).
-15
Let p(n) = -5*n**2 - 223*n - 1882. Calculate p(-33).
32
Let g(n) = 233967*n - 2105714. Give g(9).
-11
Let m(k) = k**3 + 20*k**2 + 3090*k + 97179. Give m(-29).
0
Let v(n) = -490*n**2 - 3488*n - 305. Determine v(-7).
101
Let h(b) = b**2 + 509*b + 12718. What is h(-25)?
618
Let y(a) = 2369*a + 45610. What is y(-19)?
599
Let f(r) = -r**3 - 23*r**2 + 323*r + 208. Calculate f(-32).
-912
Let b(u) = -u**3 - 7*u**2 - 298*u + 4620. Calculate b(10).
-60
Let g(y) = 381*y - 7646. Determine g(20).
-26
Let w(q) = 2*q**3 + 97*q**2 + 154*q + 874. Give w(-47).
263
Let r(b) = -9*b**2 + 3146*b + 15950. Give r(-5).
-5
Let q(h) = 1788*h + 10994. Calculate q(-6).
266
Let i(j) = 19533*j + 117189. Determine i(-6).
-9
Let j(o) = -o**3 - 195*o**2 + 260*o + 50730. Determine j(-195).
30
Let y(r) = 10479*r + 52169. Calculate y(-5).
-226
Let g(j) = -j**3 - 88*j**2 + 499*j + 20563. Calculate g(-91).
-3
Let d(g) = -56*g**2 - 1960*g - 6861. Give d(-31).
83
Let n(g) = 1783*g + 10338. What is n(-6)?
-360
Let t(j) = j**2 - 2248*j - 33999. Calculate t(-15).
-54
Let j(a) = 78*a**3 + 11700*a**2 - a + 9. Calculate j(-150).
159
Let f(i) = i**2 - 1754*i + 20708. What is f(12)?
-196
Let w(j) = -614*j**3 - 599*j**2 + 244*j + 243. What is w(-1)?
14
Let t(h) = 63*h + 7101. Give t(-108).
297
Let h(q) = q**3 - 53*q**2 + 9366*q - 472474. Give h(51).
-10
Let u(i) = i**3 + 46*i**2 - 5*i + 38. Determine u(0).
38
Let x(q) = 10866*q + 21737. Calculate x(-2).
5
Let c(i) = -i**3 + 62*i**2 + 524*i + 1336. What is c(70)?
-1184
Let z(g) = 59*g**3 - 10*g**2 + 7*g + 16. What is z(-1)?
-60
Let j(c) = 133029*c - 133012. What is j(1)?
17
Let s(h) = -15*h**2 - 55*h + 1250. What is s(21)?
-6520
Let h(d) = -74*d**2 + 559*d + 1117. What is h(-2)?
-297
Let a(w) = -2*w**3 + 93*w**2 - 1235*w + 54701. Determine a(46).
7
Let b(r) = r**3 - 444*r**2 + 29404*r - 196. Determine b(81).
-115
Let l(f) = -f**3 + 29*f**2 + 1009*f + 5782. Give l(-14).
84
Let q(z) = z**3 + 18*z**2 - 272605*z - 1363349. Calculate q(-5).
1
Let j(c) = c**3 + 680*c**2 + 1372*c - 4. Calculate j(-2).
-36
Let f(r) = 3*r**3 + 168*r**2 - 127*r + 2451. What is f(-57)?
-57
Let f(v) = -26962*v + 12914803. Determine 